83
In base 12, what is 373a02a + -21?
373a009
In base 6, what is -250 - 431520?
-432210
In base 11, what is -11352 - 95?
-11437
In base 2, what is -111110011001110 - 101110001?
-111111000111111
In base 14, what is -3 - -145a1a7?
145a1a4
In base 13, what is -1336459c - -4?
-13364598
In base 2, what is -10010010111111101010 - 10101101011?
-10010011010101010101
In base 9, what is 32137064 - 2?
32137062
In base 16, what is -2 - -11a6f8b?
11a6f89
In base 16, what is -31 - -6979?
6948
In base 6, what is -330244 - -335?
-325505
In base 14, what is -739790 + -42?
-7397d2
In base 9, what is -526 + 446538?
446012
In base 9, what is 1477402 - 11?
1477381
In base 9, what is -4808240 + -2?
-4808242
In base 5, what is -40310420 - 120?
-40311040
In base 8, what is -4055247 + -163?
-4055432
In base 4, what is 13 + -203020101103?
-203020101030
In base 2, what is 1000011 - 110010100011000010101?
-110010100010111010010
In base 12, what is 2a47374 + -4?
2a47370
In base 14, what is -1 + 48a954a?
48a9549
In base 8, what is 3 + -21454004?
-21454001
In base 3, what is 2 + -10211011221000?
-10211011220221
In base 2, what is -1001101100011110100 - -1000?
-1001101100011101100
In base 16, what is 5 + 120eb0?
120eb5
In base 9, what is -2426772 + -1?
-2426773
In base 8, what is -1 - 15226106?
-15226107
In base 8, what is 5 + -13776764?
-13776757
In base 3, what is -1002 - -1020112121111?
1020112120102
In base 10, what is -91 + -2335?
-2426
In base 11, what is 48458836 + -1?
48458835
In base 6, what is 53 + 10243203?
10243300
In base 10, what is -209773 - -1528?
-208245
In base 4, what is 1 + 31301011231?
31301011232
In base 3, what is 2000 + -122021020?
-122012020
In base 12, what is -24b + 881?
632
In base 9, what is 8 + -106444?
-106435
In base 11, what is 224 + -3925?
-3701
In base 4, what is -11 - -21001230311?
21001230300
In base 13, what is -57 - -324a?
31c3
In base 11, what is 45 - -26347?
26391
In base 13, what is 517c19 + 173?
51808c
In base 5, what is 1 + 3343344110?
3343344111
In base 5, what is 43433304 + -240?
43433014
In base 16, what is 3 - 266871?
-26686e
In base 6, what is 51 + 1120254445?
1120254540
In base 15, what is 28c6 + 2610?
4ed6
In base 15, what is -295 - 29095?
-2933a
In base 15, what is -b3b5916 + -2?
-b3b5918
In base 15, what is -d2a0069 - -8?
-d2a0061
In base 16, what is -74 + d0d7a?
d0d06
In base 4, what is -1213 - -13100111?
13032232
In base 16, what is -1c0cf9 - 5?
-1c0cfe
In base 11, what is 3846 - -87846?
90591
In base 15, what is -10 - 2d77a?
-2d78a
In base 14, what is 758d0 - 0?
758d0
In base 13, what is -26b + 492b?
4690
In base 10, what is 22 - -31716504?
31716526
In base 14, what is -791bd + -23?
-79202
In base 9, what is -33253054 + 0?
-33253054
In base 14, what is 198 + 2535?
26cd
In base 7, what is -13400 + -30?
-13430
In base 3, what is 21000 + 112012121212?
112012212212
In base 7, what is -31560223 - -14?
-31560206
In base 15, what is 236eb920 - -1?
236eb921
In base 14, what is -7 + 904a2d?
904a26
In base 16, what is -4 + -d6353c?
-d63540
In base 14, what is -7125508 - -5?
-7125503
In base 13, what is 11157565 + -2?
11157563
In base 6, what is -33521 + 12?
-33505
In base 2, what is 1001100010101000010010 + 1011000?
1001100010101001101010
In base 3, what is 10022102212 - 12112022?
10002220120
In base 5, what is -430014 - 41032?
-1021101
In base 2, what is -1001000010001011 + -100101111?
-1001000110111010
In base 12, what is -b + -a44630?
-a4463b
In base 12, what is -10 + 26b708b?
26b707b
In base 16, what is b140d - -14?
b1421
In base 6, what is -110040445 - 54?
-110040543
In base 14, what is -24a3 - -24d23?
22860
In base 3, what is 1202 - -102201110002?
102201111211
In base 12, what is -42b9a - -4a1?
-426b9
In base 13, what is -38cca - 78c?
-39789
In base 3, what is 210200 + 100200012?
101110212
In base 2, what is 111101100000000111101110 + -10?
111101100000000111101100
In base 7, what is -5 + -61236116?
-61236124
In base 13, what is 23365 + -2cc?
23066
In base 15, what is -cd02e1 + 2e?
-cd02b2
In base 13, what is c3 - -22094ca?
22095c0
In base 11, what is 8 - -6a676a?
6a6777
In base 12, what is 158a73 + 1a?
158a91
In base 6, what is 530145514 - 43?
530145431
In base 6, what is -100511 + 31101?
-25410
In base 9, what is -17730563 - 4?
-17730567
In base 6, what is 4 - -3555402540?
3555402544
In base 9, what is -181431 + 5?
-181425
In base 9, what is -16 - 16855222?
-16855238
In base 14, what is 5 - 209b8b?
-209b86
In base 15, what is -24ab9 - -16?
-24aa3
In base 7, what is -430 + 14424033?
14423303
In base 5, what is -22102 - -2043240?
2021133
In base 10, what is -898 - 124967?
-125865
In base 3, what is 21001222202022 + 2010?
21001222211102
In base 13, what is 190c320 - 2?
190c31b
In base 13, what is 38ab1bc - -4?
38ab1c3
In base 6, what is -214120045 - 2?
-214120051
In base 8, what is 4 - -23554346?
23554352
In base 3, what is -21 - -22102102010?
22102101212
In base 8, what is 4 - -12643035?
12643041
In base 7, what is -450 + 22445206?
22444426
In base 9, what is 4062 + 41744?
45816
In base 4, what is 3213013102000 + 3?
3213013102003
In base 7, what is -364 + -332632?
-333326
In base 6, what is 32140550 + 2?
32140552
In base 14, what is 30bd + 1298?
4377
In base 9, what is -11083223 - -18?
-11083204
In base 5, what is 2202322 + -1111031?
1041241
In base 2, what is 11011 - -1110100000000000000?
1110100000000011011
In base 8, what is -2603312 + 1026?
-2602264
In base 9, what is 6 - -10383117?
10383124
In base 14, what is -13037a - -17?
-130363
In base 16, what is -666 - -12ce8?
12682
In base 12, what is 364 + 5860?
6004
In base 5, what is -2 + -31423003213?
-31423003220
In base 4, what is 213213031 - -332?
213220023
In base 13, what is 29b - -3343?
3611
In base 10, what is -909159 - 206?
-909365
In base 8, what is -12253400 + 64?
-12253314
In base 5, what is -21444010134 - 0?
-21444010134
In base 4, what is 2 - 1220230211331?
-1220230211323
In base 10, what is -184 + -305503?
-305687
In base 5, what is 1132 + 1041134410?
1041141042
In base 15, what is a + -aec8e0?
-aec8d5
In base 16, what is 120cb - -1b4?
1227f
In base 2, what is 10100 + -10100100000111110010?
-10100100000111011110
In base 8, what is 3046774 - 143?
3046631
In base 15, what is 2c - 3991c6?
-399199
In base 2, what is -10000101 + 1100101000111011001110?
1100101000111001001001
In base 2, what is -1111001 + -10000100111100001100101?
-10000100111100011011110
In base 5, what is -1244313 + 11400?
-1232413
In base 15, what is -1 + 1615249?
1615248
In base 12, what is 54a4638 - -1?
54a4639
In base 4, what is 21302212133 + -1230?
21302210303
In base 13, what is 906 + -3111?
-2508
In base 14, what is -5 - 56082c9?
-56082d0
In base 7, what is -3 + 14441522?
14441516
In base 2, what is -110000011101111 - 11111111000111?
-1010000010110110
In base 13, what is 2c597 - 499?
2c0cb
In base 12, what is a1 - -4290a?
429ab
In base 8, what is 6 + -11565261?
-11565253
In base 2, what is 111001101011101001 + 10001?
111001101011111010
In base 2, what is -100101001110111 - -1001101000?
-100100000001111
In base 12, what is 5 + -993a00b?
-993a006
In base 8, what is 6120 + 1376?
7516
In base 15, what is -7 - 470b13?
-470b1a
In base 7, what is 42110 - 544455?
-502345
In base 8, what is -2175571 - -31?
-2175540
In base 7, what is -50013 + -26325?
-106341
In base 4, what is -213330212123 - 1?
-213330212130
In base 15, what is -a38e91 + 0?
-a38e91
In base 12, what is -2b3a789 - 3?
-2b3a790
In base 14, what is -80 - -4c922a?
4c918a
In base 8, what is 220 - -4352473?
4352713
In base 12, what is -3 - 9a7399?
-9a73a0
In base 13, what is 457 + -6370?
-5c16
In base 5, what is 10 - -4101100223?
4101100233
In base 7, what is -2401133415 - 5?
-2401133423
In base 13, what is 3446 + -140?
3306
In base 7, what is -1044 - 201122?
-202166
In base 5, what is 0 - 224012131334?
-224012131334
In base 10, what is 1 + -2126274?
-2126273
In base 14, what is 10722ca + b?
10722d7
In base 14, what is 33502 - -1064?
34566
In base 15, what is -3445e1ee - 1?
-3445e200
In base 10, what is -1228 + -11511?
-12739
In base 2, what is 1 + 1100011011100101011101?
1100011011100101011110
In base 9, what is 1067 - -3387?
4465
In base 8, what is 155 - 411213?
-411036
In base 9, what is 4745 + -8255?
-3410
In base 8, what is 3 - -2